{"id":218,"date":"2026-03-28T13:45:06","date_gmt":"2026-03-28T12:45:06","guid":{"rendered":"http:\/\/winnicalupus.pl\/?page_id=218"},"modified":"2026-04-10T18:18:55","modified_gmt":"2026-04-10T16:18:55","slug":"home","status":"publish","type":"page","link":"https:\/\/winnicalupus.pl\/","title":{"rendered":"HOME"},"content":{"rendered":"\n<p class=\"has-large-font-size\"><strong>Winnica Lupus<\/strong><\/p>\n\n\n\n<p><strong>Winnica Lupus<\/strong> po\u0142o\u017cona jest w Jastrz\u0119biu-Zdroju w niedalekiej odleg\u0142o\u015bci od zabytkowego pa\u0142acu Borynia. Pierwsze nasadzenia na winnicy mia\u0142y miejsce w 2023 roku. Obecnie uprawiane s\u0105 4 odmiany winoro\u015bli przerobowych tj. Regent, Cabernet Cortis, Bianca i Seyval Blanc oraz oko\u0142o 60 odmian winoro\u015bli deserowych g\u0142\u00f3wnie wielkoowocowych. <br>Przy winnicy Lupus dzia\u0142a te\u017c profesjonalna szk\u00f3\u0142ka gdzie mo\u017cna zakupi\u0107 sadzonki winoro\u015bli w pojemnikach jak r\u00f3wnie\u017c go\u0142o-korzeniowe. Sadzonki go\u0142o-korzeniowe nadaj\u0105 si\u0119 do sadzenia wy\u0142\u0105cznie w stanie bezlistnym wczesn\u0105 wiosn\u0105 lub p\u00f3\u017an\u0105 jesieni\u0105, natomiast sadzonki uprawiane w pojemnikach mo\u017cna sadzi\u0107 na miejsca sta\u0142e przez ca\u0142y okres wegetacyjny. Nasze sadzonki przystosowane do uprawy w naszym klimacie s\u0105 zdrowe i dobrze ukorzenione. Sadzonki winogron mo\u017cna odebra\u0107 osobi\u015bcie w winnicy po wcze\u015bniejszym um\u00f3wieniu.<\/p>\n\n\n\n<p><\/p>\n","protected":false},"excerpt":{"rendered":"<p>Winnica Lupus Winnica Lupus po\u0142o\u017cona jest w Jastrz\u0119biu-Zdroju w niedalekiej odleg\u0142o\u015bci od zabytkowego pa\u0142acu Borynia. Pierwsze nasadzenia na winnicy mia\u0142y miejsce w 2023 roku. Obecnie uprawiane s\u0105 4 odmiany winoro\u015bli przerobowych tj. Regent, Cabernet Cortis, Bianca i Seyval Blanc oraz oko\u0142o 60 odmian winoro\u015bli deserowych g\u0142\u00f3wnie wielkoowocowych. Przy winnicy Lupus dzia\u0142a te\u017c profesjonalna szk\u00f3\u0142ka gdzie [&hellip;]<\/p>\n","protected":false},"author":1,"featured_media":0,"parent":0,"menu_order":0,"comment_status":"closed","ping_status":"closed","template":"","meta":{"footnotes":""},"class_list":["post-218","page","type-page","status-publish","hentry"],"_links":{"self":[{"href":"https:\/\/winnicalupus.pl\/index.php?rest_route=\/wp\/v2\/pages\/218","targetHints":{"allow":["GET"]}}],"collection":[{"href":"https:\/\/winnicalupus.pl\/index.php?rest_route=\/wp\/v2\/pages"}],"about":[{"href":"https:\/\/winnicalupus.pl\/index.php?rest_route=\/wp\/v2\/types\/page"}],"author":[{"embeddable":true,"href":"https:\/\/winnicalupus.pl\/index.php?rest_route=\/wp\/v2\/users\/1"}],"replies":[{"embeddable":true,"href":"https:\/\/winnicalupus.pl\/index.php?rest_route=%2Fwp%2Fv2%2Fcomments&post=218"}],"version-history":[{"count":6,"href":"https:\/\/winnicalupus.pl\/index.php?rest_route=\/wp\/v2\/pages\/218\/revisions"}],"predecessor-version":[{"id":317,"href":"https:\/\/winnicalupus.pl\/index.php?rest_route=\/wp\/v2\/pages\/218\/revisions\/317"}],"wp:attachment":[{"href":"https:\/\/winnicalupus.pl\/index.php?rest_route=%2Fwp%2Fv2%2Fmedia&parent=218"}],"curies":[{"name":"wp","href":"https:\/\/api.w.org\/{rel}","templated":true}]}}