{"id":32,"date":"2026-03-27T11:06:31","date_gmt":"2026-03-27T10:06:31","guid":{"rendered":"http:\/\/winnicalupus.pl\/?post_type=product&#038;p=32"},"modified":"2026-03-29T15:44:09","modified_gmt":"2026-03-29T13:44:09","slug":"ali-baba","status":"publish","type":"product","link":"https:\/\/winnicalupus.pl\/?product=ali-baba","title":{"rendered":"ALI BABA"},"content":{"rendered":"<p>Winoro\u015bl r\u00f3\u017cowa<\/p>\n","protected":false},"excerpt":{"rendered":"<p>Winoro\u015bl posiada grona od 500-1000g<\/p>\n","protected":false},"featured_media":0,"comment_status":"open","ping_status":"closed","template":"","meta":[],"product_brand":[],"product_cat":[25],"product_tag":[],"class_list":{"0":"post-32","1":"product","2":"type-product","3":"status-publish","5":"product_cat-winorosl-deserowa-rozowa-czerwona","7":"first","8":"outofstock","9":"shipping-taxable","10":"purchasable","11":"product-type-simple"},"_links":{"self":[{"href":"https:\/\/winnicalupus.pl\/index.php?rest_route=\/wp\/v2\/product\/32","targetHints":{"allow":["GET"]}}],"collection":[{"href":"https:\/\/winnicalupus.pl\/index.php?rest_route=\/wp\/v2\/product"}],"about":[{"href":"https:\/\/winnicalupus.pl\/index.php?rest_route=\/wp\/v2\/types\/product"}],"replies":[{"embeddable":true,"href":"https:\/\/winnicalupus.pl\/index.php?rest_route=%2Fwp%2Fv2%2Fcomments&post=32"}],"wp:attachment":[{"href":"https:\/\/winnicalupus.pl\/index.php?rest_route=%2Fwp%2Fv2%2Fmedia&parent=32"}],"wp:term":[{"taxonomy":"product_brand","embeddable":true,"href":"https:\/\/winnicalupus.pl\/index.php?rest_route=%2Fwp%2Fv2%2Fproduct_brand&post=32"},{"taxonomy":"product_cat","embeddable":true,"href":"https:\/\/winnicalupus.pl\/index.php?rest_route=%2Fwp%2Fv2%2Fproduct_cat&post=32"},{"taxonomy":"product_tag","embeddable":true,"href":"https:\/\/winnicalupus.pl\/index.php?rest_route=%2Fwp%2Fv2%2Fproduct_tag&post=32"}],"curies":[{"name":"wp","href":"https:\/\/api.w.org\/{rel}","templated":true}]}}